t is the units digit of o?
3
Let g = 23 - -206. What is the units digit of g?
9
Let k = 8 - 5. Suppose k*c - 6 = 3*q + 2*c, 21 = -2*q - 5*c. What is the units digit of (-7 + (-2 - q))/(-2)?
3
Suppose 126 = 5*i - 14. What is the tens digit of i?
2
Let w be ((-554)/8)/((-14)/56). What is the units digit of w/9 - 12/(-54)?
1
Let f(k) = -8*k - 1. Let m be 4/10 + (-7)/5. Let x be f(m). What is the units digit of 19/x + (-4)/(-14)?
3
Let m(j) = j**3 + 9*j**2 - 3*j - 8. Suppose 0 = -2*f + 3*f + 9. What is the units digit of m(f)?
9
Let w = -3 - -9. Suppose 0 = 3*l - w. What is the units digit of l?
2
Let p be 5 + (0/(-1) - 2). Suppose 0 = -h - p*h + 16. What is the units digit of (4/(-6))/(h/(-6))?
1
Suppose -5*b - 4 = 11. Let z = 5 + b. Suppose 4*u - z*u = 8. What is the units digit of u?
4
Suppose -4*o + 365 = -703. What is the units digit of o?
7
Let l(n) = -4*n**2 + 6*n + 3. Let u(h) = 3*h**2 - 6*h - 3. Let d(j) = 4*l(j) + 5*u(j). Let i be d(-2). Suppose y - i*y = -36. What is the units digit of y?
9
Suppose b = -3*i + 4*b - 12, -2*b + 10 = 0. What is the units digit of i/((-9)/(-21))*3?
7
Suppose y - 143 = 2*x, 4*y - 2*x = 2*x + 556. What is the hundreds digit of y?
1
Let z(l) = 3*l - 1. Let q be 0 + 2 - -4 - 2. Let a be z(q). What is the tens digit of a + (2 + -4)/2?
1
Let p(h) = -h**2 - 9*h - 3. Let n be p(-9). Let k be ((-1)/n)/((-6)/(-54)). Suppose -4*c - 44 = -4*q, 0 = k*q - 2*q + c - 21. What is the tens digit of q?
1
Suppose 0*p + p = 23. Suppose p = 4*j - 9. What is the units digit of j?
8
Let r = -185 - -325. What is the units digit of r?
0
Let p(m) = 3*m + 8. What is the tens digit of p(11)?
4
Suppose 3*o + 7 = h, -2*h = -0*o - 2*o + 6. Suppose 4*l = -l - 30. What is the units digit of 1 + 3/l*h?
5
Suppose m + m + 40 = 5*d, d = -4*m + 30. Suppose 3*a + 3*p = -a + 59, -5*p = 15. Let i = a - d. What is the units digit of i?
7
What is the units digit of (-4 - 16/(-4)) + 26?
6
What is the tens digit of 120 - (5 + (0 - 7))?
2
Let l = 46 + -27. Suppose 3*t - 25 = -h, 3*t + 6 = 4*h - l. Suppose -4*y + h = -26. What is the units digit of y?
9
Let x(h) = 2*h**2 - 3*h**2 + h + 6 - 7*h. Suppose -5*d - 31 = -1. What is the units digit of x(d)?
6
Suppose 4*z - 13 = 7. Suppose -z*n = -2*n - 9. What is the units digit of n?
3
Let c be (36/(-15))/(3/(-45)). Suppose 5*f - 44 = c. What is the tens digit of f?
1
Let j(h) = -h - 7. Let g be j(-9). Suppose 3*q = -g*q + 50. What is the units digit of q?
0
Let o be (-3)/(-2)*48/18. Let l be (-861)/o - 12/16. What is the units digit of l/(-22) - 2/(-11)?
0
Let y(x) = x**2 + 9*x + 6. Let i be y(-8). Let b(h) = h. Let c(t) = -10*t - 3. Let v(a) = 4*b(a) + c(a). What is the units digit of v(i)?
9
Let t be (2/2)/(2/24). Suppose -t = -4*n + 4. Suppose n*i - 2 = 6. What is the units digit of i?
2
Let q = 29 - 1. Suppose -4*m + 4*i = -q, 0*m + 3*m - 2*i - 24 = 0. What is the tens digit of m?
1
Let v(g) = -g**3 - 9*g**2 - 10*g - 2. What is the units digit of v(-9)?
8
Let t(l) be the second derivative of l**3/2 - l**2 + 3*l. Let b(g) = 5*g - 4. Let m(u) = 4*b(u) - 7*t(u). What is the units digit of m(-6)?
4
Suppose 0*o + 25 = 5*o. Let m = o - -9. What is the units digit of ((-7)/m)/(1/(-34))?
7
Suppose -60 = -4*s - 3*o + 33, 3*s - 54 = 3*o. Suppose b = -2*m + 8, -b + 2 + 8 = 3*m. Suppose 1 - s = -m*h. What is the units digit of h?
0
Let o(a) = -a**2 - 11*a - 8. What is the units digit of o(-9)?
0
Suppose 48 - 3 = 5*a. Suppose -3*b - v - 4 = -10, -b = -2*v - a. What is the units digit of b?
3
Suppose 4*r - 339 = 357. What is the hundreds digit of r?
1
Let s = 19 + -14. What is the units digit of s?
5
Suppose 38 = n + 3*m, 7*n - 2*n + 4*m - 168 = 0. What is the units digit of n?
2
Suppose 3*b + 1 = 10. Suppose -2*l = -b*k - 8 + 27, 41 = 5*k - l. What is the units digit of k/2 + (-1)/(-2)?
5
Let m(c) = 23*c**2 + 2*c - 1. Let g be m(1). Suppose d - 2*d + g = 2*h, 8 = 2*d - 4*h. What is the units digit of d?
4
Let y(i) = -i**3 + 5*i**2 + 3. Let c be y(5). Let n(w) = 0*w - c + 3 - 2*w - 4. What is the units digit of n(-4)?
4
Let s(o) = o**3 + 4*o**2 - 4*o + 5. Let h be s(-5). Let t be (14/4 + h)*2. Suppose t*g - 2*g = 80. What is the units digit of g?
6
Let m = -43 + 86. What is the tens digit of m?
4
What is the units digit of (-5 + 51/6)/((-1)/(-2))?
7
Let p be 2 - 2 - (-11 - -6). Suppose g = m + m - p, 0 = -4*m - g + 19. What is the units digit of (2 - m - 0) + 19?
7
Let u(s) be the second derivative of s**3/6 + 3*s**2/2 - 2*s. Let h be u(0). Suppose 15 = -m - 5*n, 22 = 3*m - m - h*n. What is the units digit of m?
5
Let y = -4 + 6. Let z(c) = -c**y + 4*c**2 - 8 + 9. What is the units digit of z(1)?
4
Let r = 47 - 27. Suppose 3*m - r = -m. What is the units digit of m?
5
Let r be (-10)/3*48/(-10). Suppose -l = -5*l - r. What is the units digit of 14/l*4/(-7)?
2
Let i be (-1466)/(-14) - 18/(-63). Suppose 0*p = -5*p + i. What is the units digit of p?
1
Let n = -12 + 68. What is the units digit of n?
6
Let r be (7 - 12)/(-1*1). Suppose r*l - 3*l = 34. What is the units digit of l?
7
Suppose -10 = -4*q - 2. Suppose -3*z + 85 = q*z. What is the tens digit of z?
1
What is the tens digit of ((-3)/2)/((-15)/160)?
1
Suppose -2*m + 10 + 12 = 0. Suppose 3 = 4*j - 1. Let w = m + j. What is the tens digit of w?
1
Let j = 1 + 2. Suppose -4*o = 16, t - 12 = j*o + 14. What is the units digit of t?
4
Suppose 13 - 1 = 4*q. What is the units digit of q?
3
Let o be ((-126)/35)/((-3)/(-20)). Let r = 43 + o. What is the units digit of r?
9
Suppose 2*c - 140 = -5*w, -3*w + 59 + 9 = -2*c. Suppose 4 + w = 5*i. What is the units digit of i/(-15) - (-34)/10?
3
Let s = 23 + -13. Suppose -5*n + 3*n = -s. Suppose 0 = g + 5*p - 3*p - 19, 5*p = n*g - 50. What is the tens digit of g?
1
Let z(q) be the third derivative of q**5/12 + q**4/24 + q**3/6 + q**2. What is the units digit of z(2)?
3
Let b be 1/4 + 7/4. Suppose -9 + 66 = 3*d. Suppose 0*i - 2*i = -g - d, -2*g + b = 0. What is the units digit of i?
0
Suppose 0 = g + g - 12. Suppose -g*x - 63 = -3*x. Let c = -13 - x. What is the units digit of c?
8
Let o(z) = -z + 10. Let n be (-1)/((-44)/14 + 3). What is the units digit of o(n)?
3
Suppose t = -0*q - 4*q, -2*q + t - 6 = 0. Let j be (-3)/(22/(-16) - q). Let i = j - -4. What is the tens digit of i?
1
Let y(k) = 4*k**2 - k**2 - 4*k**2 + 6*k + 3 - 2*k. What is the units digit of y(4)?
3
Suppose -57 = -3*l - 9. Let s = l + -11. What is the units digit of s?
5
Let b be ((-36)/30)/((-6)/20). Suppose b*n - 15 = 41. What is the tens digit of n?
1
Let c(i) be the second derivative of 7*i**3/6 - 9*i**2/2 - 6*i. What is the tens digit of c(6)?
3
Let z be (-65)/(-15) + (-1)/3. Suppose -2*k + 6 = -k + 3*i, k + z*i = 2. Let c = -6 + k. What is the units digit of c?
2
Let h(q) = -q**3 - 4*q**2 - 2*q + 3. Let k be (2/2*-3)/1. Let p be h(k). What is the units digit of (12/3 - -1) + p?
5
Let x(t) = 2*t - 7. What is the units digit of x(5)?
3
Let o be -3 + 1 + 4/(-2). Let l(b) = -4*b + 2. Let n(z) = 3*z - 1. Let x(u) = -2*l(u) - 3*n(u). What is the units digit of x(o)?
3
Let g be -1 + 5 + -3 + 3. Suppose g*t = -t + 200. What is the units digit of t?
0
Let n(a) = a - 4. Let f be n(3). Let o be (3 + -3)/(1*f). Suppose -3 = -o*l - 3*l. What is the units digit of l?
1
Let w = 17 - -3. Suppose -2*n + v = -7*n + w, -4 = -n - v. What is the units digit of n?
4
Let f(d) = d + 1. Let u(q) = -4*q - 6. Let m(l) = -5*f(l) - u(l). Let g be m(4). Let o(k) = -k**2 - 6*k + 2. What is the tens digit of o(g)?
1
What is the tens digit of (306/(-15))/((-16)/40)?
5
What is the tens digit of 3/(-1*(-3)/48)?
4
Let r(k) = -k**3 - 8*k**2 + 6*k - 10. Let x be (-3*2)/((-4)/(-6)). What is the tens digit of r(x)?
1
Let n be (-21)/18 + (-2)/(-12). Let f = -1 - -2. Let k = f - n. What is the units digit of k?
2
Let z be 1/(-2) - 39/(-6). Let m = z - 3. Let j = m - -2. What is the units digit of j?
5
Suppose 7 = -r - 4*l, r + 0*l - 5 = 2*l. What is the units digit of 10/4 - r/2?
2
Suppose -4*w = h + 42, -3*h - 49 = 5*w - 0*h. What is the units digit of (0 - -2)*(w - -19)?
6
Let k(x) = -x**3 + 6*x**2 - 2*x. Let b be k(5). Let d = 8 - b. Let g(f) = -f**3 - 6*f**2 + 8*f + 9. What is the units digit of g(d)?
2
Let k(g) = -8*g + 35. What is the units digit of k(-17)?
1
Let a(t) = t - 3. Let z be a(4). 